{"id":39,"date":"2014-11-06T13:44:48","date_gmt":"2014-11-06T13:44:48","guid":{"rendered":"http:\/\/deixeviver.org.br\/site\/?page_id=39"},"modified":"2014-11-06T17:32:08","modified_gmt":"2014-11-06T17:32:08","slug":"guarda-responsavel","status":"publish","type":"page","link":"https:\/\/deixeviver.org.br\/site\/cuidados\/guarda-responsavel\/","title":{"rendered":"Guarda Respons\u00e1vel"},"content":{"rendered":"<p align=\"justify\">Ser um dono respons\u00e1vel \u00e9 estar sempre preservando e cuidando da sa\u00fade e do bem estar do animal de estima\u00e7\u00e3o.<br \/>\nA posse respons\u00e1vel \u00e9 um conjunto de v\u00e1rias atitudes envolvendo propriet\u00e1rios e veterin\u00e1rios no intuito de assegurar o bem-estar do animal.<\/p>\n<p align=\"justify\">Possuir um animal (seja ele adotado ou comprado) \u00e9 ter um compromisso durante muitos anos da sua vida. Esse compromisso inclui:<\/p>\n<ul>\n<li>Considerar que um c\u00e3o ou gato pode viver mais 12 anos. Durante todos esses anos o dono devera possuir recursos financeiros para aliment\u00e1-lo e dar-lhe tratamento m\u00e9dico.<\/li>\n<li>As vacinas devem ser mantidas sempre em dia. Para assegurar o bem estar do animal e todos que vivem com ele.<\/li>\n<li>Ter tempo para se dedicar, brincar, levar para passear, enfim trat\u00e1-lo com amor e aten\u00e7\u00e3o.<\/li>\n<\/ul>\n<address>\u00a0<\/address>\n<address>J\u00e1 foi considerado que um animal faz sujeira? Quem ir\u00e1 limpa-la?<\/address>\n<address>A fam\u00edlia concorda em receber, mais um \u201cmembro\u201d?<\/address>\n<address>Quem ficar\u00e1 com o animal nas f\u00e9rias ou feriado, se a fam\u00edlia for viajar?<\/address>\n","protected":false},"excerpt":{"rendered":"<p>Ser um dono respons\u00e1vel \u00e9 estar sempre preservando e cuidando da sa\u00fade e do bem estar do animal de estima\u00e7\u00e3o. A posse respons\u00e1vel \u00e9 um conjunto de v\u00e1rias atitudes envolvendo propriet\u00e1rios e veterin\u00e1rios no intuito de assegurar o bem-estar do animal. Possuir um animal (seja ele adotado ou comprado) \u00e9 ter um compromisso durante muitos [&#8230;]<\/p>\n","protected":false},"author":1,"featured_media":0,"parent":30,"menu_order":0,"comment_status":"closed","ping_status":"open","template":"","meta":[],"_links":{"self":[{"href":"https:\/\/deixeviver.org.br\/site\/wp-json\/wp\/v2\/pages\/39"}],"collection":[{"href":"https:\/\/deixeviver.org.br\/site\/wp-json\/wp\/v2\/pages"}],"about":[{"href":"https:\/\/deixeviver.org.br\/site\/wp-json\/wp\/v2\/types\/page"}],"author":[{"embeddable":true,"href":"https:\/\/deixeviver.org.br\/site\/wp-json\/wp\/v2\/users\/1"}],"replies":[{"embeddable":true,"href":"https:\/\/deixeviver.org.br\/site\/wp-json\/wp\/v2\/comments?post=39"}],"version-history":[{"count":5,"href":"https:\/\/deixeviver.org.br\/site\/wp-json\/wp\/v2\/pages\/39\/revisions"}],"predecessor-version":[{"id":138,"href":"https:\/\/deixeviver.org.br\/site\/wp-json\/wp\/v2\/pages\/39\/revisions\/138"}],"up":[{"embeddable":true,"href":"https:\/\/deixeviver.org.br\/site\/wp-json\/wp\/v2\/pages\/30"}],"wp:attachment":[{"href":"https:\/\/deixeviver.org.br\/site\/wp-json\/wp\/v2\/media?parent=39"}],"curies":[{"name":"wp","href":"https:\/\/api.w.org\/{rel}","templated":true}]}}